ber?
True
Is 3393851897 composite?
False
Is 4162262717 prime?
True
Is 170327171299 a composite number?
True
Is 126789319 prime?
True
Is 109361194529 prime?
True
Is 66190488999 prime?
False
Is 348163117 composite?
True
Is 107728983917 composite?
False
Is 2116642139 a composite number?
False
Is 4563795211 composite?
False
Is 734185667 a prime number?
True
Is 11594544505 a composite number?
True
Is 45930389 prime?
True
Is 2060752899 a prime number?
False
Is 673286623 composite?
False
Is 3472539755 prime?
False
Is 28618775881 a composite number?
False
Is 109444292521 prime?
True
Is 1258486703 a composite number?
False
Is 716790541 composite?
False
Is 9480269531 a composite number?
False
Is 736332035 composite?
True
Is 1293844327 prime?
True
Is 544065763 composite?
True
Is 6110571839 a prime number?
True
Is 6699773233 prime?
False
Is 7263089629 a composite number?
True
Is 23256188609 a prime number?
True
Is 929787379 a prime number?
False
Is 15665291519 a prime number?
True
Is 2521262833 composite?
False
Is 6803390237 prime?
False
Is 407278637221 a prime number?
True
Is 25995901279 a prime number?
False
Is 141962033 composite?
True
Is 374160401 a composite number?
False
Is 104228777399 a prime number?
True
Is 4265161451 prime?
True
Is 8366291467 composite?
True
Is 1335604009 composite?
True
Is 1202645057 a composite number?
False
Is 30594722 prime?
False
Is 21890113933 prime?
True
Is 3747534979 a prime number?
True
Is 7511683001 a prime number?
False
Is 2792487029 prime?
False
Is 6448279687 a prime number?
True
Is 5399428831 a prime number?
False
Is 16131022387 a prime number?
True
Is 13044255979 composite?
True
Is 3628288961 composite?
True
Is 1733295071 prime?
False
Is 779147981 prime?
True
Is 265634899187 a composite number?
True
Is 23291238391 prime?
True
Is 682303801 a composite number?
True
Is 6321151913 a prime number?
True
Is 13859684351 a composite number?
False
Is 32584994887 prime?
False
Is 16328771533 a prime number?
True
Is 14771226469 a composite number?
True
Is 79757954309 composite?
True
Is 12734045769 a composite number?
True
Is 15807799351 prime?
True
Is 48611188403 a composite number?
False
Is 12202097 a prime number?
True
Is 889314911 a prime number?
False
Is 3330231739 a prime number?
True
Is 975524153 a prime number?
False
Is 48509509 a prime number?
True
Is 1333992229 composite?
False
Is 4296333851 a prime number?
False
Is 346123447 prime?
True
Is 1067531461 prime?
True
Is 232222867 a composite number?
False
Is 30767031899 a prime number?
True
Is 472604093 composite?
True
Is 16388622673 composite?
False
Is 11243607083 a prime number?
True
Is 26172362233 prime?
True
Is 582210871 a composite number?
True
Is 12813739 a composite number?
True
Is 32847232139 prime?
True
Is 31909342911 a prime number?
False
Is 548191849 composite?
False
Is 68632901 prime?
True
Is 3186142937 a composite number?
False
Is 10099204669 a composite number?
True
Is 2535922441 a composite number?
True
Is 720889847 prime?
True
Is 154698991 a prime number?
True
Is 969605717 a composite number?
True
Is 1396233029 a prime number?
False
Is 156773102507 a composite number?
True
Is 9467497573 prime?
False
Is 3419792693 composite?
True
Is 7947995531 a prime number?
False
Is 1462913623 a prime number?
True
Is 9931872017 composite?
False
Is 19297337 a prime number?
True
Is 57351192683 composite?
True
Is 620864141789 composite?
False
Is 991126361 prime?
True
Is 19770470693 composite?
False
Is 15049800365 prime?
False
Is 19797115907 composite?
False
Is 4686331981 a composite number?
False
Is 1091588573 prime?
True
Is 2400577261 composite?
False
Is 34900799551 composite?
False
Is 43562150461 prime?
False
Is 1478004397 a composite number?
False
Is 41864637 composite?
True
Is 188255626651 prime?
True
Is 32891573879 composite?
False
Is 59397236159 composite?
True
Is 17702953679 prime?
True
Is 65878591 prime?
True
Is 5727110981 a prime number?
True
Is 755732753 a prime number?
True
Is 225270677 composite?
False
Is 1787427091 composite?
True
Is 25745898517 a prime number?
True
Is 34014421601 composite?
False
Is 16581173107 prime?
True
Is 4801603409 composite?
True
Is 14864664047 a prime number?
True
Is 11049768799 composite?
True
Is 2438037083 composite?
False
Is 805201637 a prime number?
True
Is 33691236671 a prime number?
False
Is 492787991 prime?
False
Is 25870672459 a composite number?
True
Is 61311665651 composite?
True
Is 10385265365 prime?
False
Is 1557095987 a composite number?
True
Is 2774319461 a prime number?
True
Is 5323121749 a prime number?
False
Is 24733598914 prime?
False
Is 30457043 a prime number?
False
Is 3250999553 composite?
False
Is 21813766151 a prime number?
False
Is 22616038831 a prime number?
True
Is 784862333 a prime number?
False
Is 3563316542 prime?
False
Is 4326101131 prime?
False
Is 82904115881 a prime number?
False
Is 129892027 a prime number?
True
Is 6103057969 composite?
True
Is 226752537679 a prime number?
True
Is 1711464277 prime?
False
Is 18837246691 a prime number?
False
Is 660324883 a composite number?
True
Is 165226577 a prime number?
False
Is 241050697 a prime number?
False
Is 473220763 a composite number?
False
Is 11608467341 a prime number?
True
Is 19725718741 prime?
True
Is 6415048217 a prime number?
False
Is 708494062 prime?
False
Is 2559905779 a prime number?
True
Is 2973878231 a composite number?
False
Is 2865228441 a prime number?
False
Is 2886494257 a composite number?
False
Is 7197054947 a prime number?
False
Is 2995566121 prime?
True
Is 330395881 a prime number?
False
Is 11216274343 composite?
False
Is 373076567 a composite number?
False
Is 6275825063 composite?
False
Is 330954839 a composite number?
False
Is 705691411 a prime number?
True
Is 156879271 composite?
False
Is 27910411 a composite number?
True
Is 3194704033 a prime number?
False
Is 8878594507 a composite number?
False
Is 97052989351 a composite number?
True
Is 1479365491 prime?
True
Is 4020083185 prime?
False
Is 664965107 composite?
False
Is 41495515973 a prime number?
True
Is 17513644487 a prime number?
False
Is 33981506393 a prime number?
True
Is 746371207 composite?
True
Is 24615117229 a prime number?
True
Is 922397555 prime?
False
Is 302227543 a prime number?
True
Is 10619563 prime?
True
Is 1510480111 composite?
True
Is 276030416269 a composite number?
False
Is 29359581937 a prime number?
False
Is 769677067 prime?
True
Is 1264346003 a composite number?
False
Is 27369301889 a composite number?
True
Is 6342443557 a composite number?
False
Is 5401025845 prime?
False
Is 22699216277 composite?
True
Is 9243793109 a composite number?
False
Is 175038289 composite?
False
Is 274566225638 composite?
True
Is 40418529563 prime?
False
Is 23006079517 prime?
True
Is 3636364535 prime?
False
Is 1794619477 a prime number?
False
Is 3967555409 prime?
True
Is 416140607 a composite number?
True
Is 3895696291 a composite number?
False
Is 245312546 prime?
False
Is 619237147 composite?
False
Is 27532598203 composite?
True
Is 30953779391 a composite number?
False
Is 2112076607 prime?
True
Is 88827931229 composite?
True
Is 1415258257 composite?
True
Is 7253006551 a composite number?
True
Is 682187489 prime?
False
Is 567491521 a composite number?
False
Is 10991705269 prime?
True
Is 20654884891 prime?
False
Is 14450228539 a prime number?
True
Is 112089784229 a composite number?
False
Is 5690049173 a composite number?
False
Is 2218020299 composite?
True
Is 48819922687 a composite number?
False
Is 122002969159 a prime number?
True
Is 9379385839 prime?
False
Is 5141482063 a composite number?
True
Is 135731093 composite?
True
Is 4057868429 a composite number?
True
Is 353547086 a composite number?
True
Is 6603441893 composite?
False
Is 4283316857 a prime number?
False
Is 277932937 prime?
False
Is 2529395483 a composite number?
True
Is 3897618817 a composite number?
False
Is 9460218115 composite?
True
Is 4062377719 a prime number?
False
Is 34898472613 a composite number?
True
Is 65817289 a composite number?
False
Is 11023812053 composite?
True
Is 36002710639 a prime number?
False
Is 58989971 a prime number?
False
Is 133214720593 composite?
False
Is 740252459 prime?
False
Is 9850073 composite?
True
Is 21972731623 prime?
True
Is 371949839 prime?
False
Is 224156437 prime?
False
Is 1889698117